{"id":448,"date":"2020-07-08T09:53:50","date_gmt":"2020-07-08T09:53:50","guid":{"rendered":"http:\/\/hypnose-in-moers.de\/?page_id=448"},"modified":"2020-12-30T16:11:20","modified_gmt":"2020-12-30T16:11:20","slug":"faqs","status":"publish","type":"page","link":"https:\/\/hypnose-in-moers.de\/?page_id=448","title":{"rendered":"FAQs"},"content":{"rendered":"<p>[et_pb_section fb_built=&#8220;1&#8243; custom_padding_last_edited=&#8220;on|phone&#8220; admin_label=&#8220;Header&#8220; _builder_version=&#8220;4.4.2&#8243; use_background_color_gradient=&#8220;on&#8220; background_color_gradient_start=&#8220;#f6f7fa&#8220; background_color_gradient_end=&#8220;#ffffff&#8220; background_color_gradient_overlays_image=&#8220;on&#8220; background_position=&#8220;center_right&#8220; custom_margin=&#8220;|||&#8220; custom_padding=&#8220;0vw||0vw||false|false&#8220; custom_padding_tablet=&#8220;||||false|false&#8220; custom_padding_phone=&#8220;||||false|false&#8220; top_divider_style=&#8220;arrow2&#8243; top_divider_color=&#8220;#0c71c3&#8243; top_divider_height=&#8220;43px&#8220; hover_enabled=&#8220;0&#8243;][et_pb_row _builder_version=&#8220;3.25&#8243;][et_pb_column type=&#8220;4_4&#8243; _builder_version=&#8220;3.25&#8243; custom_padding=&#8220;|||&#8220; custom_padding__hover=&#8220;|||&#8220;][et_pb_text _builder_version=&#8220;4.4.2&#8243; text_font=&#8220;||||||||&#8220; header_font=&#8220;Cantata One||||||||&#8220; header_font_size=&#8220;50px&#8220; header_line_height=&#8220;1.4em&#8220; header_2_font=&#8220;||||||||&#8220; header_2_text_color=&#8220;rgba(0,0,0,0.35)&#8220; header_2_font_size=&#8220;20px&#8220; header_2_line_height=&#8220;1.6em&#8220; text_orientation=&#8220;center&#8220; animation_style=&#8220;slide&#8220; animation_direction=&#8220;bottom&#8220; header_font_size_tablet=&#8220;35px&#8220; header_font_size_phone=&#8220;25px&#8220; header_font_size_last_edited=&#8220;on|desktop&#8220;]<\/p>\n<h1><\/h1>\n<h1>FAQs<\/h1>\n<p>&nbsp;<\/p>\n<p>[\/et_pb_text][\/et_pb_column][\/et_pb_row][\/et_pb_section][et_pb_section fb_built=&#8220;1&#8243; admin_label=&#8220;FAQ&#8220; _builder_version=&#8220;4.4.2&#8243; background_color=&#8220;#f3f5fa&#8220; use_background_color_gradient=&#8220;on&#8220; background_color_gradient_start=&#8220;#f3f5fa&#8220; background_color_gradient_end=&#8220;#ffffff&#8220; custom_margin=&#8220;-100px|||||&#8220; custom_margin_tablet=&#8220;0px|||&#8220; custom_margin_phone=&#8220;&#8220; custom_margin_last_edited=&#8220;on|tablet&#8220; custom_padding=&#8220;122px|0px|100px|0px|false|false&#8220; top_divider_height=&#8220;14px&#8220; top_divider_repeat=&#8220;18x&#8220; top_divider_repeat_tablet=&#8220;9x&#8220; top_divider_repeat_phone=&#8220;4x&#8220; top_divider_repeat_last_edited=&#8220;on|phone&#8220; locked=&#8220;off&#8220;][et_pb_row _builder_version=&#8220;3.25&#8243;][et_pb_column type=&#8220;4_4&#8243; _builder_version=&#8220;3.25&#8243; custom_padding=&#8220;|||&#8220; custom_padding__hover=&#8220;|||&#8220;][et_pb_text _builder_version=&#8220;3.27.4&#8243; text_font=&#8220;Open Sans||||||||&#8220; text_line_height=&#8220;2em&#8220; header_font=&#8220;||||||||&#8220; header_2_font=&#8220;Cantata One||||||||&#8220; header_2_font_size=&#8220;40px&#8220; header_2_line_height=&#8220;1.4em&#8220; text_orientation=&#8220;center&#8220; max_width=&#8220;500px&#8220; module_alignment=&#8220;center&#8220; header_2_font_size_tablet=&#8220;35px&#8220; header_2_font_size_phone=&#8220;25px&#8220; header_2_font_size_last_edited=&#8220;on|phone&#8220;]<\/p>\n<h2>H\u00e4ufig gestellte Fragen<\/h2>\n<p>Hier beantworte ich Ihnen die h\u00e4ufigsten Fragen rund um das Thema Hypnose<\/p>\n<p>[\/et_pb_text][\/et_pb_column][\/et_pb_row][et_pb_row column_structure=&#8220;1_2,1_2&#8243; _builder_version=&#8220;4.4.2&#8243;][et_pb_column type=&#8220;1_2&#8243; _builder_version=&#8220;4.4.2&#8243; custom_padding=&#8220;|||&#8220; custom_padding__hover=&#8220;|||&#8220;][et_pb_accordion closed_toggle_text_color=&#8220;#000000&#8243; closed_toggle_background_color=&#8220;#ffffff&#8220; icon_color=&#8220;#d6d6d6&#8243; _builder_version=&#8220;4.4.2&#8243; toggle_level=&#8220;h4&#8243; toggle_font=&#8220;Cantata One||||||||&#8220; toggle_line_height=&#8220;1.6em&#8220; body_font=&#8220;Open Sans||||||||&#8220; body_line_height=&#8220;2em&#8220; toggle_font_size_tablet=&#8220;&#8220; toggle_font_size_phone=&#8220;14px&#8220; toggle_font_size_last_edited=&#8220;on|phone&#8220; border_radii=&#8220;on|10px|10px|10px|10px&#8220; box_shadow_style=&#8220;preset1&#8243; box_shadow_vertical=&#8220;40px&#8220; box_shadow_blur=&#8220;60px&#8220; box_shadow_color=&#8220;rgba(0,64,135,0.06)&#8220;][et_pb_accordion_item title=&#8220;Was ist Hypnose?&#8220; open=&#8220;on&#8220; _builder_version=&#8220;4.4.2&#8243; border_width_all=&#8220;0px&#8220; border_color_all=&#8220;rgba(0,0,0,0)&#8220;]<\/p>\n<p>Hypnose ist ein ver\u00e4nderter Bewusstseinszustand den man auch \u201e<strong>Trance\u201c <\/strong>nennt. Dabei kommt es zu <strong>erh\u00f6hter Aufmerksamkeit<\/strong>, ver\u00e4nderter K\u00f6rper \u2013 u. Zeitwahrnehmung und die Suggestibilit\u00e4t nimmt zu. Somit wird der Zugang zu Gef\u00fchlen und dissoziativem Erleben leichter. Es sieht aus, als befindet man sich in einem schlaf\u00e4hnlichen Zustand. Auf der physiologischen Ebene gibt es messbare Ver\u00e4nderungen wie, die Abnahme von Stresshormonen, Atem \u2013 und Herzschlagrate sowie Blutdruck und Stoffwechselumsatz. Was dazu f\u00fchrt das Hypnose bei vielen unterschiedlichen Erkrankungen eingesetzt wird.<\/p>\n<p>[\/et_pb_accordion_item][et_pb_accordion_item title=&#8220;Wie wirksam und wie anerkannt ist Hypnose?&#8220; icon_color=&#8220;#000000&#8243; _builder_version=&#8220;4.4.2&#8243; open=&#8220;off&#8220;]<\/p>\n<p>Das \u201eAmerican Health Magazine\u201e ver\u00f6ffentlichte im Jahr 2007 diese Ergebnisse einer Vergleichsstudie verschiedener Therapieformen.<\/p>\n<p>(Quelle: American Health Magazine; Borrios, Alfred A<em>. <\/em><em>&#8222;Hypnotherapy: A Reappraisal,&#8220; Psychotherapy: Theory, Research and Practice, 1970)<\/em><\/p>\n<p><em>\u00a0<\/em><\/p>\n<table>\n<tbody>\n<tr>\n<td style=\"text-align: left;\">Psychoanalyse<\/td>\n<td style=\"text-align: left;\">600 Sitzungen<\/td>\n<td style=\"text-align: left;\">38%<\/td>\n<\/tr>\n<tr style=\"text-align: left;\">\n<td>Verhaltenstherapie\u00a0<\/td>\n<td>22 Sitzungen<\/td>\n<td>72%<\/td>\n<\/tr>\n<tr>\n<td style=\"text-align: left;\">Hypnosetherapie<\/td>\n<td style=\"text-align: left;\">6 Sitzungen<\/td>\n<td style=\"text-align: left;\">92%<\/td>\n<\/tr>\n<\/tbody>\n<\/table>\n<p>&nbsp;<\/p>\n<p>Das Ergebnis macht deutlich wie gut und schnell Hypnose im Vergleich zu anderen Verfahren wirkt.<\/p>\n<p>Hypnotherapie wurde durch den wissenschaftlichen Beirat Psychotherapie im M\u00e4rz 2006 als <strong>wissenschaftliche Behandlungsmethode in der Psychotherapie<\/strong> der Bundesrepublik Deutschland anerkannt.<\/p>\n<p>Der Wissenschaftliche Beirat Psychotherapie erstellt u. a. nach $ 11 des Psychotherapeutengesetzes Gutachten zur wissenschaftlichen Anerkennung von Psychotherapieverfahren.<\/p>\n<p>Er setzt sich zusammen aus:<\/p>\n<ul>\n<li>\u00c4rztlichen Vertretern aus der Psychiatrie und Psychotherapie<\/li>\n<li>\u00c4rztlichen Vertretern aus der Psychosomatischen Medizin und Psychotherapie<\/li>\n<li>\u00c4rztlichen Vertretern aus der Kinder- und Jugendlichenpsychiatrie und -psychotherapie<\/li>\n<li>Psychologischen Psychotherapeuten<\/li>\n<li>Kinder- und Jugendlichenpsychotherapeuten<\/li>\n<\/ul>\n<p>&nbsp;<\/p>\n<p>Der Wissenschaftliche Beirat Psychotherapie kann als die <strong>h\u00f6chste Instanz in Deutschland<\/strong> angesehen werden, was die Anerkennung psychotherapeutischer Verfahren angeht.<\/p>\n<p>Die Anerkennung der Hypnotherapie als wissenschaftliche Behandlungsmethode in der Psychotherapie und damit die Anerkennung der Hypnose als wirksames Verfahren ist also wissenschaftlich absolut ernstzunehmend und entsprechend belegt.<\/p>\n<p>Wirksamkeitsbelege zu folgenden St\u00f6rungen lagen nach einer <strong>Studie<\/strong> der Universit\u00e4t T\u00fcbingen vor:<\/p>\n<ul>\n<li>Phobien<\/li>\n<li>Belastungsst\u00f6rungen<\/li>\n<li>\u00dcbergewicht<\/li>\n<li>Schlafst\u00f6rungen<\/li>\n<li>Psychosomatik<\/li>\n<li>Sexualst\u00f6rungen<\/li>\n<li>Akuter und chronischer Schmerz<\/li>\n<li>Tabakabusus<\/li>\n<li>Enuresis<\/li>\n<\/ul>\n<p>Nach dem Gutachten des Wissenschaftlichen Beirats Psychotherapie ist Hypnotherapie f\u00fcr die Behandlung in folgenden Anwendungsbereichen wissenschaftlich anerkannt:<\/p>\n<ul>\n<li>Psychische und soziale Faktoren bei somatischen Erkrankungen (ICD 10 &#8211; F54)<\/li>\n<li>Substanzmissbrauch (ICD 10 &#8211; F1, F55)<\/li>\n<li>Bei Kindern zur Schmerzbew\u00e4ltigung<\/li>\n<li>Geburtsvorbereitung<\/li>\n<li>Fibromyalgie<\/li>\n<li>Migr\u00e4ne<\/li>\n<\/ul>\n<p>&nbsp;<\/p>\n<p>Damit gilt <strong>die Wirksamkeit der Hypnose<\/strong> im Rahmen der von den vorliegenden Studien abgedeckten Anwendungen in Deutschland als <strong>wissenschaftlich bewiesen<\/strong>.<\/p>\n<p>Weitere Studien aus anderen L\u00e4ndern belegen zudem die Wirksamkeit in weiteren Themenbereichen und bei weiteren St\u00f6rungen.<br \/> Hinzu kommt noch eine Vielzahl von Anwendungsbereichen in denen die Wirkung der Hypnose aufgrund der praktischen Erfahrungen und Erfolge unz\u00e4hliger Therapeuten weltweit als belegt angesehen werden kann, die aber durch zur Zeit noch laufende Studien in absehbarer Zeit noch wissenschaftlich untermauert werden.<\/p>\n<p>Bei der Hypnose \/ Hypnosetherapie handelt es sich also um keine esoterische Lehrart mit zweifelhaftem Hintergrund, sondern um ein <strong>wissenschaftlich und psychotherapeutisch anerkanntes und belegtes Verfahren. <\/strong><\/p>\n<p>Quelle: Der Text wurde von der Webseite TherMedius\u00ae \u00fcbernommen.<\/p>\n<p>&nbsp;<\/p>\n<p>[\/et_pb_accordion_item][et_pb_accordion_item title=&#8220;Ist es m\u00f6glich, dass man in der Hypnose Dinge gegen seinen Willen macht?&#8220; open_toggle_background_color=&#8220;rgba(255,255,255,0)&#8220; closed_toggle_background_color=&#8220;#ffffff&#8220; icon_color=&#8220;#0079ff&#8220; _builder_version=&#8220;3.13&#8243; border_width_all=&#8220;0px&#8220; open=&#8220;off&#8220;]<\/p>\n<p>Nein, Sie verlieren Ihren Willen zu keiner Zeit. Sie w\u00fcrden niemals Dinge tun, die Sie im Wachzustand nicht auch tun w\u00fcrden! Ihr Bewusstsein ist ver\u00e4ndert aber nicht ausgeschaltet.<\/p>\n<p>[\/et_pb_accordion_item][et_pb_accordion_item title=&#8220;Wer ist der richtige Hypnotiseur f\u00fcr mich?&#8220; open_toggle_background_color=&#8220;rgba(255,255,255,0)&#8220; closed_toggle_background_color=&#8220;#ffffff&#8220; icon_color=&#8220;#0079ff&#8220; _builder_version=&#8220;4.4.2&#8243; border_width_all=&#8220;0px&#8220; open=&#8220;off&#8220;]<\/p>\n<p>Da Hypnose viel mit Vertrauen zu tun hat, bitte ich Sie, genau auf Ihr Bauchgef\u00fchl zu achten. Wenn Sie denken, dass ich nicht der Richtige f\u00fcr Sie bin dann scheuen Sie sich nicht mir das zu sagen. Mir ist wichtig, dass es Ihnen besser geht und daf\u00fcr ist der richtige Berater mit entscheidend.<\/p>\n<p>[\/et_pb_accordion_item][et_pb_accordion_item title=&#8220;Kann es passieren, dass man nicht aus der Hypnose erwacht?&#8220; open_toggle_background_color=&#8220;rgba(255,255,255,0)&#8220; closed_toggle_background_color=&#8220;#ffffff&#8220; icon_color=&#8220;#0079ff&#8220; _builder_version=&#8220;3.13&#8243; border_width_all=&#8220;0px&#8220; open=&#8220;off&#8220;]<\/p>\n<p>Nein, das ist unm\u00f6glich. Auch wenn die Hypnose nicht ordnungsgem\u00e4\u00df beendet wird, werden Sie nach einigen Minuten wie aus einem Schlaf erwachen, sich strecken, die Augen \u00f6ffnen und sich dabei erholt und entspannt f\u00fchlen.<\/p>\n<p>[\/et_pb_accordion_item][\/et_pb_accordion][\/et_pb_column][et_pb_column type=&#8220;1_2&#8243; _builder_version=&#8220;3.25&#8243; custom_padding=&#8220;|||&#8220; custom_padding__hover=&#8220;|||&#8220;][et_pb_accordion closed_toggle_text_color=&#8220;#000000&#8243; closed_toggle_background_color=&#8220;#ffffff&#8220; _builder_version=&#8220;4.4.2&#8243; toggle_level=&#8220;h4&#8243; toggle_font=&#8220;Cantata One||||||||&#8220; toggle_line_height=&#8220;1.6em&#8220; body_font=&#8220;Open Sans||||||||&#8220; body_line_height=&#8220;2em&#8220; toggle_font_size_tablet=&#8220;&#8220; toggle_font_size_phone=&#8220;14px&#8220; toggle_font_size_last_edited=&#8220;on|phone&#8220; border_radii=&#8220;on|10px|10px|10px|10px&#8220; box_shadow_style=&#8220;preset1&#8243; box_shadow_vertical=&#8220;40px&#8220; box_shadow_blur=&#8220;60px&#8220; box_shadow_color=&#8220;rgba(0,64,135,0.06)&#8220;][et_pb_accordion_item title=&#8220;Wie f\u00fchlt sich Hypnose an? &#8220; open=&#8220;on&#8220; _builder_version=&#8220;3.13&#8243; border_width_all=&#8220;0px&#8220; border_color_all=&#8220;rgba(0,0,0,0)&#8220;]<\/p>\n<p>Hypnose kann sich sehr unterschiedlich anf\u00fchlen. Die Augen sind meist geschlossen, die <strong>Atmung ist ruhig und tief<\/strong>, Bewegungen finden nicht statt oder sind stark verlangsamt. Es kann sein, dass Sie ein kribbeln, eine Schwere oder eine Leichtigkeit in Ihrem K\u00f6rper sp\u00fcren. Manchmal werden auch Teile des K\u00f6rpers kleiner oder gr\u00f6\u00dfer wahrgenommen oder als ob Sie weg w\u00e4ren. All das kann eintreten, muss aber nicht. Die meisten beschreiben Hypnose, als einen <strong>entspannten Zustand<\/strong> mit einer<strong> tiefen Ruhe<\/strong> und gro\u00dfer Gelassenheit. K\u00f6rperliche Begleiterscheinungen sind oft Magenger\u00e4usche aufgrund der Entspannung und vermehrter Speichelfluss der zu h\u00e4ufigerem schlucken f\u00fchrt. Viele berichten, der Zustand \u00e4hnelt dem, kurz vor dem Einschlafen. Gef\u00fchle werden meist intensiver erlebt.<\/p>\n<p>Stellen Sie sich bitte einmal vor, sie lesen ein Buch, was Sie sehr anspricht. Dabei vergessen Sie die Realit\u00e4t um sich herum und erleben die <strong>Gef\u00fchle <\/strong>der beschriebenen Person. Wahrscheinlich \u00fcbersetzen Sie beim Lesen, die Szenen oder Personen in eigene Bilder. Dieses <strong>bildhafte Erleben <\/strong>ist auch typisch f\u00fcr <strong>Hypnose<\/strong>. Oder der abwesende Blick eines <strong>Tagtr\u00e4umers<\/strong>, der zwar k\u00f6rperlich anwesend ist, dennoch schwer erreichbar. Wie Sie sehen, Hypnose ist ein ganz normaler Zustand den jeder Mensch kennt.<\/p>\n<p>[\/et_pb_accordion_item][et_pb_accordion_item title=&#8220;Ist jeder hypnotisierbar?&#8220; open_toggle_background_color=&#8220;rgba(255,255,255,0)&#8220; closed_toggle_background_color=&#8220;#ffffff&#8220; icon_color=&#8220;#0079ff&#8220; _builder_version=&#8220;3.13&#8243; border_width_all=&#8220;0px&#8220; open=&#8220;off&#8220;]<\/p>\n<p>Grunds\u00e4tzlich ja, da Hypnose dem Zustand beim Einschlafen sehr nahe kommt und ein nat\u00fcrlicher Zustand ist. Es gibt aber einige Faktoren die eine Hypnose erschweren. Das sind z.B. einige Medikamente und Erkrankungen * (Kontraindikationen), mangelndes Vertrauen zum Hypnotiseur, zu viel Kaffee vor der Sitzung oder auch ein starkes Kontrollverlangen.<\/p>\n<p>[\/et_pb_accordion_item][et_pb_accordion_item title=&#8220;Wie wird die Hypnose eingeleitet?&#8220; open_toggle_background_color=&#8220;rgba(255,255,255,0)&#8220; closed_toggle_background_color=&#8220;#ffffff&#8220; icon_color=&#8220;#0079ff&#8220; _builder_version=&#8220;3.13&#8243; border_width_all=&#8220;0px&#8220; open=&#8220;off&#8220;]<\/p>\n<p>Da gibt es verschiedene Techniken wobei es darum geht, als Erstes die Aufmerksamkeit einzuengen um dann mit Hilfe von Suggestionen die K\u00f6rperwahrnehmung zu ver\u00e4ndern, wodurch sich auch die Zeitwahrnehmung und die Temperatur \u00e4ndert. Das Wichtigste ist jedoch, Sie aus dem Alltagsdenken herauszubekommen und Ihre Vorstellungskraft zu aktivieren.<\/p>\n<p>[\/et_pb_accordion_item][\/et_pb_accordion][et_pb_button button_url=&#8220;@ET-DC@eyJkeW5hbWljIjp0cnVlLCJjb250ZW50IjoicG9zdF9saW5rX3VybF9wYWdlIiwic2V0dGluZ3MiOnsicG9zdF9pZCI6IjU1In19@&#8220; button_text=&#8220;Jetzt Termin vereinbaren&#8220; button_alignment=&#8220;center&#8220; _builder_version=&#8220;4.4.2&#8243; _dynamic_attributes=&#8220;button_url&#8220; custom_button=&#8220;on&#8220; button_text_size=&#8220;16px&#8220; button_text_color=&#8220;#ffffff&#8220; button_bg_color=&#8220;#52a8ff&#8220; button_border_width=&#8220;7px&#8220; button_border_color=&#8220;rgba(0,0,0,0)&#8220; button_border_radius=&#8220;100px&#8220; button_font=&#8220;Open Sans|700|||||||&#8220; animation_style=&#8220;slide&#8220; animation_direction=&#8220;bottom&#8220; button_text_color_hover=&#8220;#ffffff&#8220; button_border_color_hover=&#8220;rgba(0,0,0,0)&#8220; button_border_radius_hover=&#8220;100px&#8220; button_bg_color_hover=&#8220;#0059c3&#8243; button_text_size__hover_enabled=&#8220;off&#8220; button_one_text_size__hover_enabled=&#8220;off&#8220; button_two_text_size__hover_enabled=&#8220;off&#8220; button_text_color__hover_enabled=&#8220;on&#8220; button_text_color__hover=&#8220;#ffffff&#8220; button_one_text_color__hover_enabled=&#8220;off&#8220; button_two_text_color__hover_enabled=&#8220;off&#8220; button_border_width__hover_enabled=&#8220;off&#8220; button_one_border_width__hover_enabled=&#8220;off&#8220; button_two_border_width__hover_enabled=&#8220;off&#8220; button_border_color__hover_enabled=&#8220;on&#8220; button_border_color__hover=&#8220;rgba(0,0,0,0)&#8220; button_one_border_color__hover_enabled=&#8220;off&#8220; button_two_border_color__hover_enabled=&#8220;off&#8220; button_border_radius__hover_enabled=&#8220;on&#8220; button_border_radius__hover=&#8220;100px&#8220; button_one_border_radius__hover_enabled=&#8220;off&#8220; button_two_border_radius__hover_enabled=&#8220;off&#8220; button_letter_spacing__hover_enabled=&#8220;off&#8220; button_one_letter_spacing__hover_enabled=&#8220;off&#8220; button_two_letter_spacing__hover_enabled=&#8220;off&#8220; button_bg_color__hover_enabled=&#8220;on&#8220; button_bg_color__hover=&#8220;#0059c3&#8243; button_one_bg_color__hover_enabled=&#8220;off&#8220; button_two_bg_color__hover_enabled=&#8220;off&#8220;][\/et_pb_button][\/et_pb_column][\/et_pb_row][\/et_pb_section]<\/p>\n","protected":false},"excerpt":{"rendered":"<p>[et_pb_section fb_built=&#8220;1&#8243; custom_padding_last_edited=&#8220;on|phone&#8220; admin_label=&#8220;Header&#8220; _builder_version=&#8220;4.4.2&#8243; use_background_color_gradient=&#8220;on&#8220; background_color_gradient_start=&#8220;#f6f7fa&#8220; background_color_gradient_end=&#8220;#ffffff&#8220; background_color_gradient_overlays_image=&#8220;on&#8220; background_position=&#8220;center_right&#8220; custom_margin=&#8220;|||&#8220; custom_padding=&#8220;0vw||0vw||false|false&#8220; custom_padding_tablet=&#8220;||||false|false&#8220; custom_padding_phone=&#8220;||||false|false&#8220; top_divider_style=&#8220;arrow2&#8243; top_divider_color=&#8220;#0c71c3&#8243; top_divider_height=&#8220;43px&#8220; hover_enabled=&#8220;0&#8243;][et_pb_row _builder_version=&#8220;3.25&#8243;][et_pb_column type=&#8220;4_4&#8243; _builder_version=&#8220;3.25&#8243; custom_padding=&#8220;|||&#8220; custom_padding__hover=&#8220;|||&#8220;][et_pb_text _builder_version=&#8220;4.4.2&#8243; text_font=&#8220;||||||||&#8220; header_font=&#8220;Cantata One||||||||&#8220; header_font_size=&#8220;50px&#8220; header_line_height=&#8220;1.4em&#8220; header_2_font=&#8220;||||||||&#8220; header_2_text_color=&#8220;rgba(0,0,0,0.35)&#8220; header_2_font_size=&#8220;20px&#8220; header_2_line_height=&#8220;1.6em&#8220; text_orientation=&#8220;center&#8220; animation_style=&#8220;slide&#8220; animation_direction=&#8220;bottom&#8220; header_font_size_tablet=&#8220;35px&#8220; header_font_size_phone=&#8220;25px&#8220; header_font_size_last_edited=&#8220;on|desktop&#8220;] FAQs &nbsp; [\/et_pb_text][\/et_pb_column][\/et_pb_row][\/et_pb_section][et_pb_section fb_built=&#8220;1&#8243; admin_label=&#8220;FAQ&#8220; _builder_version=&#8220;4.4.2&#8243; background_color=&#8220;#f3f5fa&#8220; use_background_color_gradient=&#8220;on&#8220; background_color_gradient_start=&#8220;#f3f5fa&#8220; background_color_gradient_end=&#8220;#ffffff&#8220; custom_margin=&#8220;-100px|||||&#8220; custom_margin_tablet=&#8220;0px|||&#8220; custom_margin_phone=&#8220;&#8220; custom_margin_last_edited=&#8220;on|tablet&#8220; custom_padding=&#8220;122px|0px|100px|0px|false|false&#8220; top_divider_height=&#8220;14px&#8220; [&hellip;]<\/p>\n","protected":false},"author":1,"featured_media":0,"parent":0,"menu_order":0,"comment_status":"closed","ping_status":"closed","template":"","meta":{"_et_pb_use_builder":"on","_et_pb_old_content":"","_et_gb_content_width":"","footnotes":""},"class_list":["post-448","page","type-page","status-publish","hentry"],"_links":{"self":[{"href":"https:\/\/hypnose-in-moers.de\/index.php?rest_route=\/wp\/v2\/pages\/448","targetHints":{"allow":["GET"]}}],"collection":[{"href":"https:\/\/hypnose-in-moers.de\/index.php?rest_route=\/wp\/v2\/pages"}],"about":[{"href":"https:\/\/hypnose-in-moers.de\/index.php?rest_route=\/wp\/v2\/types\/page"}],"author":[{"embeddable":true,"href":"https:\/\/hypnose-in-moers.de\/index.php?rest_route=\/wp\/v2\/users\/1"}],"replies":[{"embeddable":true,"href":"https:\/\/hypnose-in-moers.de\/index.php?rest_route=%2Fwp%2Fv2%2Fcomments&post=448"}],"version-history":[{"count":11,"href":"https:\/\/hypnose-in-moers.de\/index.php?rest_route=\/wp\/v2\/pages\/448\/revisions"}],"predecessor-version":[{"id":1222,"href":"https:\/\/hypnose-in-moers.de\/index.php?rest_route=\/wp\/v2\/pages\/448\/revisions\/1222"}],"wp:attachment":[{"href":"https:\/\/hypnose-in-moers.de\/index.php?rest_route=%2Fwp%2Fv2%2Fmedia&parent=448"}],"curies":[{"name":"wp","href":"https:\/\/api.w.org\/{rel}","templated":true}]}}